{"id":552,"date":"2025-09-07T12:36:13","date_gmt":"2025-09-07T10:36:13","guid":{"rendered":"https:\/\/pzon.zagan.pl\/?page_id=552"},"modified":"2026-01-06T16:42:06","modified_gmt":"2026-01-06T15:42:06","slug":"oferty-pracy","status":"publish","type":"page","link":"https:\/\/pzon.zagan.pl\/index.php\/oferty-pracy\/","title":{"rendered":"Oferty pracy"},"content":{"rendered":"\n<hr class=\"wp-block-separator has-alpha-channel-opacity\"\/>\n\n\n\n<p><strong>Powiatowy Zesp\u00f3\u0142 ds. Orzekania o Niepe\u0142nosprawno\u015bci w \u017baganiu poszukuje lekarzy do wsp\u00f3\u0142pracy w zakresie wydawania orzecze\u0144.<br><br>Orzecznikiem w Powiatowym Zespole mo\u017ce by\u0107:<\/strong><\/p>\n\n\n\n<ol class=\"wp-block-list\">\n<li>lekarz&nbsp;odbywaj\u0105cy szkolenie specjalizacyjne w&nbsp;okre\u015blonej dziedzinie medycyny, kt\u00f3ry uko\u0144czy\u0142 modu\u0142 podstawowy w\u0142a\u015bciwy dla danego szkolenia specjalizacyjnego lub b\u0119d\u0105cy w&nbsp;trakcie trzeciego roku tego szkolenia w&nbsp;przypadku specjalizacji, dla kt\u00f3rych przewidziany zosta\u0142 modu\u0142 jednolity szkolenia lub<\/li>\n\n\n\n<li>osoba wykonuj\u0105ca zaw\u00f3d lekarza co najmniej przez okres pi\u0119ciu lat &#8211; z wy\u0142\u0105czeniem okres\u00f3w: wykonywania zawodu w celu odbycia sta\u017cu podyplomowego, wykonywania zawodu na podstawie warunkowego prawa wykonywania zawodu, wykonywania zawodu na podstawie prawa wykonywania zawodu na okre\u015blony zakres czynno\u015bci zawodowych, okres i miejsce zatrudnienia w podmiocie leczniczym.<\/li>\n\n\n\n<li>lekarz&nbsp;posiadaj\u0105cy tytu\u0142 specjalisty lub<\/li>\n\n\n\n<li>lekarz&nbsp;posiadaj\u0105cy specjalizacj\u0119 co najmniej I stopnia.<\/li>\n<\/ol>\n\n\n\n<p><strong>Oferujemy:<\/strong><\/p>\n\n\n\n<ol class=\"wp-block-list\">\n<li>elastyczne godziny pracy (komisje poranne lub popo\u0142udniowe),<\/li>\n\n\n\n<li>mo\u017cliwo\u015b\u0107 rozwoju zawodowego,<\/li>\n\n\n\n<li>wsparcie pracownik\u00f3w zespo\u0142u,<\/li>\n\n\n\n<li>atrakcyjne wynagrodzenie. <\/li>\n<\/ol>\n\n\n\n<p>Zapraszamy do kontaktu z Przewodnicz\u0105c\u0105 Powiatowego Zespo\u0142u ds. Orzekania o Niepe\u0142nosprawno\u015bci w \u017baganiu \u2013 Pani\u0105 Olg\u0105 \u0141abuz-Wo\u017aniak<br>(tel. 68\u00a0377 36 03 \/ email: sekretariat@pzon.zagan.pl)<\/p>\n\n\n\n<p><\/p>\n","protected":false},"excerpt":{"rendered":"<p>Powiatowy Zesp\u00f3\u0142 ds. Orzekania o Niepe\u0142nosprawno\u015bci w \u017baganiu poszukuje lekarzy do wsp\u00f3\u0142pracy w zakresie wydawania orzecze\u0144. Orzecznikiem w Powiatowym Zespole mo\u017ce by\u0107: Oferujemy: Zapraszamy do kontaktu z Przewodnicz\u0105c\u0105 Powiatowego Zespo\u0142u ds. Orzekania o Niepe\u0142nosprawno\u015bci w \u017baganiu \u2013 Pani\u0105 Olg\u0105 \u0141abuz-Wo\u017aniak(tel. 68\u00a0377 36 03 \/ email: sekretariat@pzon.zagan.pl)<\/p>\n","protected":false},"author":1,"featured_media":0,"parent":0,"menu_order":0,"comment_status":"closed","ping_status":"closed","template":"page_fullwidth.php","meta":{"footnotes":""},"class_list":["post-552","page","type-page","status-publish","hentry"],"_links":{"self":[{"href":"https:\/\/pzon.zagan.pl\/index.php\/wp-json\/wp\/v2\/pages\/552","targetHints":{"allow":["GET"]}}],"collection":[{"href":"https:\/\/pzon.zagan.pl\/index.php\/wp-json\/wp\/v2\/pages"}],"about":[{"href":"https:\/\/pzon.zagan.pl\/index.php\/wp-json\/wp\/v2\/types\/page"}],"author":[{"embeddable":true,"href":"https:\/\/pzon.zagan.pl\/index.php\/wp-json\/wp\/v2\/users\/1"}],"replies":[{"embeddable":true,"href":"https:\/\/pzon.zagan.pl\/index.php\/wp-json\/wp\/v2\/comments?post=552"}],"version-history":[{"count":2,"href":"https:\/\/pzon.zagan.pl\/index.php\/wp-json\/wp\/v2\/pages\/552\/revisions"}],"predecessor-version":[{"id":567,"href":"https:\/\/pzon.zagan.pl\/index.php\/wp-json\/wp\/v2\/pages\/552\/revisions\/567"}],"wp:attachment":[{"href":"https:\/\/pzon.zagan.pl\/index.php\/wp-json\/wp\/v2\/media?parent=552"}],"curies":[{"name":"wp","href":"https:\/\/api.w.org\/{rel}","templated":true}]}}